{"id":4795,"date":"2025-07-11T13:35:09","date_gmt":"2025-07-11T13:35:09","guid":{"rendered":"https:\/\/ainis.work\/apsilta\/?page_id=4795"},"modified":"2025-07-14T07:27:59","modified_gmt":"2025-07-14T07:27:59","slug":"kontaktai","status":"publish","type":"page","link":"https:\/\/ainis.work\/apsilta\/kontaktai\/","title":{"rendered":"Kontaktai"},"content":{"rendered":"\t\t<div data-elementor-type=\"wp-page\" data-elementor-id=\"4795\" class=\"elementor elementor-4795\" data-elementor-post-type=\"page\">\n\t\t\t\t<section class=\"elementor-element elementor-element-69c0270 e-flex e-con-boxed e-con e-parent\" data-id=\"69c0270\" data-element_type=\"container\" data-settings=\"{&quot;background_background&quot;:&quot;classic&quot;}\">\n\t\t\t\t\t<div class=\"e-con-inner\">\n\t\t<div class=\"elementor-element elementor-element-b13f281 e-con-full e-flex e-con e-child\" data-id=\"b13f281\" data-element_type=\"container\">\n\t\t<div class=\"elementor-element elementor-element-1e9fe18 e-con-full e-flex e-con e-child\" data-id=\"1e9fe18\" data-element_type=\"container\">\n\t\t\t\t<div class=\"elementor-element elementor-element-a960f20 elementor-widget elementor-widget-heading\" data-id=\"a960f20\" data-element_type=\"widget\" data-widget_type=\"heading.default\">\n\t\t\t\t<div class=\"elementor-widget-container\">\n\t\t\t\t\t<h3 class=\"elementor-heading-title elementor-size-default\">Susisiekite<\/h3>\t\t\t\t<\/div>\n\t\t\t\t<\/div>\n\t\t\t\t<div class=\"elementor-element elementor-element-68892db elementor-widget elementor-widget-text-editor\" data-id=\"68892db\" data-element_type=\"widget\" data-widget_type=\"text-editor.default\">\n\t\t\t\t<div class=\"elementor-widget-container\">\n\t\t\t\t\t\t\t\t\t<p>Mielai atsakysime \u012f visus J\u016bs\u0173 klausimus.<\/p>\t\t\t\t\t\t\t\t<\/div>\n\t\t\t\t<\/div>\n\t\t\t\t<\/div>\n\t\t<div class=\"elementor-element elementor-element-1752f68 e-grid e-con-full e-con e-child\" data-id=\"1752f68\" data-element_type=\"container\">\n\t\t\t\t<div class=\"elementor-element elementor-element-f947ec2 elementor-tablet-position-top elementor-view-default elementor-position-top elementor-widget elementor-widget-icon-box\" data-id=\"f947ec2\" data-element_type=\"widget\" data-widget_type=\"icon-box.default\">\n\t\t\t\t<div class=\"elementor-widget-container\">\n\t\t\t\t\t\t\t<div class=\"elementor-icon-box-wrapper\">\n\n\t\t\t\t\t\t<div class=\"elementor-icon-box-icon\">\n\t\t\t\t<span  class=\"elementor-icon\">\n\t\t\t\t<svg xmlns=\"http:\/\/www.w3.org\/2000\/svg\" width=\"49\" height=\"49\" viewBox=\"0 0 49 49\" fill=\"none\"><g clip-path=\"url(#clip0_736_1062)\"><path d=\"M38.5 2.66992H10.5C7.84881 2.6731 5.30712 3.72769 3.43244 5.60236C1.55776 7.47704 0.503176 10.0187 0.5 12.6699L0.5 36.6699C0.503176 39.3211 1.55776 41.8628 3.43244 43.7375C5.30712 45.6122 7.84881 46.6667 10.5 46.6699H38.5C41.1512 46.6667 43.6929 45.6122 45.5676 43.7375C47.4422 41.8628 48.4968 39.3211 48.5 36.6699V12.6699C48.4968 10.0187 47.4422 7.47704 45.5676 5.60236C43.6929 3.72769 41.1512 2.6731 38.5 2.66992ZM10.5 6.66992H38.5C39.6976 6.67228 40.867 7.03295 41.8579 7.70553C42.8488 8.37811 43.6157 9.33182 44.06 10.4439L28.744 25.7619C27.6169 26.8845 26.0908 27.5149 24.5 27.5149C22.9092 27.5149 21.3831 26.8845 20.256 25.7619L4.94 10.4439C5.3843 9.33182 6.15123 8.37811 7.14209 7.70553C8.13296 7.03295 9.30243 6.67228 10.5 6.66992ZM38.5 42.6699H10.5C8.9087 42.6699 7.38258 42.0378 6.25736 40.9126C5.13214 39.7873 4.5 38.2612 4.5 36.6699V15.6699L17.428 28.5899C19.3053 30.4624 21.8485 31.514 24.5 31.514C27.1515 31.514 29.6947 30.4624 31.572 28.5899L44.5 15.6699V36.6699C44.5 38.2612 43.8679 39.7873 42.7426 40.9126C41.6174 42.0378 40.0913 42.6699 38.5 42.6699Z\" fill=\"#EBBD4D\"><\/path><\/g><defs><clipPath id=\"clip0_736_1062\"><rect width=\"48\" height=\"48\" fill=\"white\" transform=\"translate(0.5 0.669922)\"><\/rect><\/clipPath><\/defs><\/svg>\t\t\t\t<\/span>\n\t\t\t<\/div>\n\t\t\t\n\t\t\t\t\t\t<div class=\"elementor-icon-box-content\">\n\n\t\t\t\t\t\t\t\t\t<h3 class=\"elementor-icon-box-title\">\n\t\t\t\t\t\t<span  >\n\t\t\t\t\t\t\tEl. pa\u0161tas\t\t\t\t\t\t<\/span>\n\t\t\t\t\t<\/h3>\n\t\t\t\t\n\t\t\t\t\t\t\t\t\t<p class=\"elementor-icon-box-description\">\n\t\t\t\t\t\tAtsakysime t\u0105 pa\u010di\u0105 dien\u0105 <br>\n<a href=\"mailto:info@apsilta.lt\">info@apsilta.lt<\/a>\t\t\t\t\t<\/p>\n\t\t\t\t\n\t\t\t<\/div>\n\t\t\t\n\t\t<\/div>\n\t\t\t\t\t\t<\/div>\n\t\t\t\t<\/div>\n\t\t\t\t<div class=\"elementor-element elementor-element-a3d2e49 elementor-tablet-position-top elementor-view-default elementor-position-top elementor-widget elementor-widget-icon-box\" data-id=\"a3d2e49\" data-element_type=\"widget\" data-widget_type=\"icon-box.default\">\n\t\t\t\t<div class=\"elementor-widget-container\">\n\t\t\t\t\t\t\t<div class=\"elementor-icon-box-wrapper\">\n\n\t\t\t\t\t\t<div class=\"elementor-icon-box-icon\">\n\t\t\t\t<span  class=\"elementor-icon\">\n\t\t\t\t<svg xmlns=\"http:\/\/www.w3.org\/2000\/svg\" width=\"49\" height=\"49\" viewBox=\"0 0 49 49\" fill=\"none\"><g clip-path=\"url(#clip0_736_1069)\"><path d=\"M4.16011 4.30993L6.26011 2.48993C8.68011 0.0699267 12.6001 0.0699267 15.0201 2.48993C15.0801 2.54993 18.7801 7.36993 18.7801 7.36993C21.0601 9.76993 21.0601 13.5499 18.7801 15.9299L16.4601 18.8499C19.3801 25.4699 23.9201 30.0299 30.3201 32.7499L33.2401 30.4099C35.6201 28.1099 39.4201 28.1099 41.8001 30.4099C41.8001 30.4099 46.6201 34.1099 46.6801 34.1699C49.1001 36.5899 49.1001 40.5099 46.7801 42.8299L44.7801 45.1299C42.4801 47.4299 39.3801 48.6899 36.0201 48.6899C20.7401 48.6899 0.500109 28.4299 0.500109 13.1699C0.500109 9.82993 1.76011 6.70993 4.16011 4.32993V4.30993ZM36.0201 44.6699C38.3001 44.6699 40.4001 43.8299 41.8401 42.3699L43.8401 40.0699C44.6601 39.2499 44.7001 37.9099 43.9201 37.0499C43.9201 37.0499 39.1401 33.3699 39.0801 33.3099C38.2601 32.4899 36.8201 32.4899 35.9801 33.3099C35.9201 33.3699 31.9001 36.5899 31.9001 36.5899C31.3401 37.0299 30.6001 37.1499 29.9401 36.8899C21.6601 33.7299 15.7201 27.8099 12.3001 19.2699C12.0401 18.6099 12.1401 17.8499 12.6001 17.2699C12.6001 17.2699 15.8201 13.2299 15.8601 13.1899C16.7201 12.3299 16.7201 10.9499 15.8601 10.0899C15.8001 10.0299 12.1201 5.24993 12.1201 5.24993C11.2601 4.46993 9.92011 4.48993 9.00011 5.40993L6.90011 7.22993C5.36011 8.76993 4.50011 10.8699 4.50011 13.1499C4.50011 27.0699 24.0401 44.6699 36.0201 44.6699Z\" fill=\"#EBBD4D\"><\/path><\/g><defs><clipPath id=\"clip0_736_1069\"><rect width=\"48\" height=\"48\" fill=\"white\" transform=\"matrix(-1 0 0 1 48.5 0.669922)\"><\/rect><\/clipPath><\/defs><\/svg>\t\t\t\t<\/span>\n\t\t\t<\/div>\n\t\t\t\n\t\t\t\t\t\t<div class=\"elementor-icon-box-content\">\n\n\t\t\t\t\t\t\t\t\t<h3 class=\"elementor-icon-box-title\">\n\t\t\t\t\t\t<span  >\n\t\t\t\t\t\t\tTel. nr.\t\t\t\t\t\t<\/span>\n\t\t\t\t\t<\/h3>\n\t\t\t\t\n\t\t\t\t\t\t\t\t\t<p class=\"elementor-icon-box-description\">\n\t\t\t\t\t\tNedvejokite \u2013 skambinkite <br>\n<a href=\"tel:+37068146557\">+370 681 46557<\/a>\t\t\t\t\t<\/p>\n\t\t\t\t\n\t\t\t<\/div>\n\t\t\t\n\t\t<\/div>\n\t\t\t\t\t\t<\/div>\n\t\t\t\t<\/div>\n\t\t\t\t<div class=\"elementor-element elementor-element-be245bc elementor-tablet-position-top elementor-view-default elementor-position-top elementor-widget elementor-widget-icon-box\" data-id=\"be245bc\" data-element_type=\"widget\" data-widget_type=\"icon-box.default\">\n\t\t\t\t<div class=\"elementor-widget-container\">\n\t\t\t\t\t\t\t<div class=\"elementor-icon-box-wrapper\">\n\n\t\t\t\t\t\t<div class=\"elementor-icon-box-icon\">\n\t\t\t\t<span  class=\"elementor-icon\">\n\t\t\t\t<svg xmlns=\"http:\/\/www.w3.org\/2000\/svg\" width=\"49\" height=\"49\" viewBox=\"0 0 49 49\" fill=\"none\"><g clip-path=\"url(#clip0_810_598)\"><path d=\"M24.4164 48.5746L23.0222 47.3796C21.1003 45.7703 4.31836 31.2768 4.31836 20.6752C4.31836 9.57537 13.3166 0.577148 24.4164 0.577148C35.5162 0.577148 44.5144 9.57537 44.5144 20.6752C44.5144 31.2769 27.7325 45.7704 25.8185 47.3876L24.4164 48.5746ZM24.4164 4.92293C15.7208 4.93277 8.67408 11.9795 8.66423 20.6751C8.66423 27.3353 18.9891 37.9748 24.4164 42.8444C29.8438 37.9728 40.1685 27.3272 40.1685 20.6751C40.1587 11.9795 33.1121 4.93287 24.4164 4.92293Z\" fill=\"#EBBD4D\"><\/path><path d=\"M24.4159 28.6414C20.016 28.6414 16.4492 25.0746 16.4492 20.6747C16.4492 16.2748 20.016 12.708 24.4159 12.708C28.8158 12.708 32.3826 16.2748 32.3826 20.6747C32.3826 25.0746 28.8159 28.6414 24.4159 28.6414ZM24.4159 16.6913C22.216 16.6913 20.4326 18.4747 20.4326 20.6746C20.4326 22.8745 22.216 24.6579 24.4159 24.6579C26.6158 24.6579 28.3992 22.8745 28.3992 20.6746C28.3992 18.4747 26.6159 16.6913 24.4159 16.6913Z\" fill=\"#EBBD4D\"><\/path><\/g><defs><clipPath id=\"clip0_810_598\"><rect width=\"48\" height=\"48\" fill=\"white\" transform=\"translate(0.5 0.558594)\"><\/rect><\/clipPath><\/defs><\/svg>\t\t\t\t<\/span>\n\t\t\t<\/div>\n\t\t\t\n\t\t\t\t\t\t<div class=\"elementor-icon-box-content\">\n\n\t\t\t\t\t\t\t\t\t<p class=\"elementor-icon-box-title\">\n\t\t\t\t\t\t<span  >\n\t\t\t\t\t\t\tAdresas\t\t\t\t\t\t<\/span>\n\t\t\t\t\t<\/p>\n\t\t\t\t\n\t\t\t\t\t\t\t\t\t<p class=\"elementor-icon-box-description\">\n\t\t\t\t\t\tMus rasite \u0161iuo adresu <br>\n<a href=\"https:\/\/maps.app.goo.gl\/8kw5DytEz3oZvCof6\" target=\"_blank\">Energetik\u0173 g. 8, LT-52461 Kaunas<\/a>\t\t\t\t\t<\/p>\n\t\t\t\t\n\t\t\t<\/div>\n\t\t\t\n\t\t<\/div>\n\t\t\t\t\t\t<\/div>\n\t\t\t\t<\/div>\n\t\t\t\t<\/div>\n\t\t\t\t<\/div>\n\t\t<div class=\"elementor-element elementor-element-29e96c6 e-con-full e-flex e-con e-child\" data-id=\"29e96c6\" data-element_type=\"container\" data-settings=\"{&quot;background_background&quot;:&quot;classic&quot;}\">\n\t\t<div class=\"elementor-element elementor-element-3c09615 e-con-full e-flex e-con e-child\" data-id=\"3c09615\" data-element_type=\"container\">\n\t\t\t\t<div class=\"elementor-element elementor-element-8c0ddb3 elementor-widget elementor-widget-heading\" data-id=\"8c0ddb3\" data-element_type=\"widget\" data-widget_type=\"heading.default\">\n\t\t\t\t<div class=\"elementor-widget-container\">\n\t\t\t\t\t<h3 class=\"elementor-heading-title elementor-size-default\">Gaukite pasi\u016blym\u0105!<\/h3>\t\t\t\t<\/div>\n\t\t\t\t<\/div>\n\t\t\t\t<div class=\"elementor-element elementor-element-712d098 elementor-widget elementor-widget-text-editor\" data-id=\"712d098\" data-element_type=\"widget\" data-widget_type=\"text-editor.default\">\n\t\t\t\t<div class=\"elementor-widget-container\">\n\t\t\t\t\t\t\t\t\t<p>Susisiekite su mumis, u\u017epildydami form\u0105.<\/p>\t\t\t\t\t\t\t\t<\/div>\n\t\t\t\t<\/div>\n\t\t\t\t<\/div>\n\t\t\t\t<div class=\"elementor-element elementor-element-5366b55 elementor-button-align-start elementor-widget elementor-widget-global elementor-global-4190 elementor-widget-form\" data-id=\"5366b55\" data-element_type=\"widget\" data-settings=\"{&quot;step_next_label&quot;:&quot;Next&quot;,&quot;step_previous_label&quot;:&quot;Previous&quot;,&quot;button_width&quot;:&quot;100&quot;,&quot;step_type&quot;:&quot;number_text&quot;,&quot;step_icon_shape&quot;:&quot;circle&quot;}\" data-widget_type=\"form.default\">\n\t\t\t\t<div class=\"elementor-widget-container\">\n\t\t\t\t\t\t\t<form class=\"elementor-form\" method=\"post\" id=\"4795\" name=\"Ap\u0161ilta.lt Forma\" aria-label=\"Ap\u0161ilta.lt Forma\">\n\t\t\t<input type=\"hidden\" name=\"post_id\" value=\"4795\"\/>\n\t\t\t<input type=\"hidden\" name=\"form_id\" value=\"5366b55\"\/>\n\t\t\t<input type=\"hidden\" name=\"referer_title\" value=\"\" \/>\n\n\t\t\t\n\t\t\t<div class=\"elementor-form-fields-wrapper elementor-labels-above\">\n\t\t\t\t\t\t\t\t<div class=\"elementor-field-type-text elementor-field-group elementor-column elementor-field-group-name elementor-col-50 elementor-md-50 elementor-sm-100 elementor-field-required\">\n\t\t\t\t\t\t\t\t\t\t\t\t<label for=\"form-field-name\" class=\"elementor-field-label\">\n\t\t\t\t\t\t\t\tJ\u016bs\u0173 vardas ir pavard\u0117\t\t\t\t\t\t\t<\/label>\n\t\t\t\t\t\t\t\t\t\t\t\t\t\t<input size=\"1\" type=\"text\" name=\"form_fields[name]\" id=\"form-field-name\" class=\"elementor-field elementor-size-md  elementor-field-textual\" required=\"required\">\n\t\t\t\t\t\t\t\t\t\t\t<\/div>\n\t\t\t\t\t\t\t\t<div class=\"elementor-field-type-email elementor-field-group elementor-column elementor-field-group-email elementor-col-50 elementor-md-50 elementor-sm-100 elementor-field-required\">\n\t\t\t\t\t\t\t\t\t\t\t\t<label for=\"form-field-email\" class=\"elementor-field-label\">\n\t\t\t\t\t\t\t\tJ\u016bs\u0173 el. pa\u0161to adresas\t\t\t\t\t\t\t<\/label>\n\t\t\t\t\t\t\t\t\t\t\t\t\t\t<input size=\"1\" type=\"email\" name=\"form_fields[email]\" id=\"form-field-email\" class=\"elementor-field elementor-size-md  elementor-field-textual\" required=\"required\">\n\t\t\t\t\t\t\t\t\t\t\t<\/div>\n\t\t\t\t\t\t\t\t<div class=\"elementor-field-type-select elementor-field-group elementor-column elementor-field-group-field_935c9b2 elementor-col-100 elementor-md-100 elementor-sm-100 elementor-field-required\">\n\t\t\t\t\t\t\t\t\t\t\t\t<label for=\"form-field-field_935c9b2\" class=\"elementor-field-label\">\n\t\t\t\t\t\t\t\tDominanti paslauga\t\t\t\t\t\t\t<\/label>\n\t\t\t\t\t\t\t\t<div class=\"elementor-field elementor-select-wrapper remove-before \">\n\t\t\t<div class=\"select-caret-down-wrapper\">\n\t\t\t\t<svg aria-hidden=\"true\" class=\"e-font-icon-svg e-eicon-caret-down\" viewBox=\"0 0 571.4 571.4\" xmlns=\"http:\/\/www.w3.org\/2000\/svg\"><path d=\"M571 393Q571 407 561 418L311 668Q300 679 286 679T261 668L11 418Q0 407 0 393T11 368 36 357H536Q550 357 561 368T571 393Z\"><\/path><\/svg>\t\t\t<\/div>\n\t\t\t<select name=\"form_fields[field_935c9b2]\" id=\"form-field-field_935c9b2\" class=\"elementor-field-textual elementor-size-md\" required=\"required\">\n\t\t\t\t\t\t\t\t\t<option value=\"Stogas\">Stogas<\/option>\n\t\t\t\t\t\t\t\t\t<option value=\"Perdanga\">Perdanga<\/option>\n\t\t\t\t\t\t\t\t\t<option value=\"Sienos\">Sienos<\/option>\n\t\t\t\t\t\t\t\t\t<option value=\"Grindys\">Grindys<\/option>\n\t\t\t\t\t\t\t\t\t<option value=\"Pamatai\">Pamatai<\/option>\n\t\t\t\t\t\t\t\t\t<option value=\"Angarai\">Angarai<\/option>\n\t\t\t\t\t\t\t<\/select>\n\t\t<\/div>\n\t\t\t\t\t\t<\/div>\n\t\t\t\t\t\t\t\t<div class=\"elementor-field-type-textarea elementor-field-group elementor-column elementor-field-group-message elementor-col-100 elementor-md-100 elementor-sm-100\">\n\t\t\t\t\t\t\t\t\t\t\t\t<label for=\"form-field-message\" class=\"elementor-field-label\">\n\t\t\t\t\t\t\t\t\u017dinut\u0117\t\t\t\t\t\t\t<\/label>\n\t\t\t\t\t\t<textarea class=\"elementor-field-textual elementor-field  elementor-size-md\" name=\"form_fields[message]\" id=\"form-field-message\" rows=\"4\" placeholder=\"J\u016bs\u0173 \u017einut\u0117...\"><\/textarea>\t\t\t\t<\/div>\n\t\t\t\t\t\t\t\t<div class=\"elementor-field-type-acceptance elementor-field-group elementor-column elementor-field-group-field_570c3f7 elementor-col-100 elementor-md-100 elementor-sm-100 elementor-field-required\">\n\t\t\t\t\t\t\t<div class=\"elementor-field-subgroup\">\n\t\t\t<span class=\"elementor-field-option\">\n\t\t\t\t<input type=\"checkbox\" name=\"form_fields[field_570c3f7]\" id=\"form-field-field_570c3f7\" class=\"elementor-field elementor-size-md  elementor-acceptance-field\" required=\"required\" checked=\"checked\">\n\t\t\t\t<label for=\"form-field-field_570c3f7\">Sutinku su <a href=\"https:\/\/ainis.work\/apsilta\/privatumo-politika\/\">Privatumo politika<\/a><\/label>\t\t\t<\/span>\n\t\t<\/div>\n\t\t\t\t\t\t<\/div>\n\t\t\t\t\t\t\t\t<div class=\"elementor-field-type-recaptcha_v3 elementor-field-group elementor-column elementor-field-group-field_4506cb1 elementor-col-100 recaptcha_v3-bottomright\">\n\t\t\t\t\t<div class=\"elementor-field\" id=\"form-field-field_4506cb1\"><div class=\"elementor-g-recaptcha\" data-sitekey=\"6LfxQIMrAAAAADCWKLjRH2KXb952m4dmNyMv6614\" data-type=\"v3\" data-action=\"Form\" data-badge=\"bottomright\" data-size=\"invisible\"><\/div><\/div>\t\t\t\t<\/div>\n\t\t\t\t\t\t\t\t<div class=\"elementor-field-group elementor-column elementor-field-type-submit elementor-col-100 e-form__buttons\">\n\t\t\t\t\t<button class=\"elementor-button elementor-size-md elementor-animation-shrink\" type=\"submit\">\n\t\t\t\t\t\t<span class=\"elementor-button-content-wrapper\">\n\t\t\t\t\t\t\t\t\t\t\t\t\t\t\t\t\t\t\t\t\t\t<span class=\"elementor-button-text\">Si\u0173sti u\u017eklaus\u0105<\/span>\n\t\t\t\t\t\t\t\t\t\t\t\t\t<\/span>\n\t\t\t\t\t<\/button>\n\t\t\t\t<\/div>\n\t\t\t<\/div>\n\t\t<\/form>\n\t\t\t\t\t\t<\/div>\n\t\t\t\t<\/div>\n\t\t\t\t<\/div>\n\t\t\t\t\t<\/div>\n\t\t\t\t<\/section>\n\t\t\t\t<\/div>\n\t\t","protected":false},"excerpt":{"rendered":"<p>Susisiekite Mielai atsakysime \u012f visus J\u016bs\u0173 klausimus. El. pa\u0161tas Atsakysime t\u0105 pa\u010di\u0105 dien\u0105 info@apsilta.lt Tel. nr. Nedvejokite \u2013 skambinkite +370 681 46557 Adresas Mus rasite \u0161iuo adresu Energetik\u0173 g. 8, LT-52461 Kaunas Gaukite pasi\u016blym\u0105! Susisiekite su mumis, u\u017epildydami form\u0105.<\/p>\n","protected":false},"author":1,"featured_media":0,"parent":0,"menu_order":0,"comment_status":"closed","ping_status":"closed","template":"elementor_theme","meta":{"_acf_changed":false,"footnotes":""},"class_list":["post-4795","page","type-page","status-publish","hentry"],"acf":[],"_links":{"self":[{"href":"https:\/\/ainis.work\/apsilta\/wp-json\/wp\/v2\/pages\/4795","targetHints":{"allow":["GET"]}}],"collection":[{"href":"https:\/\/ainis.work\/apsilta\/wp-json\/wp\/v2\/pages"}],"about":[{"href":"https:\/\/ainis.work\/apsilta\/wp-json\/wp\/v2\/types\/page"}],"author":[{"embeddable":true,"href":"https:\/\/ainis.work\/apsilta\/wp-json\/wp\/v2\/users\/1"}],"replies":[{"embeddable":true,"href":"https:\/\/ainis.work\/apsilta\/wp-json\/wp\/v2\/comments?post=4795"}],"version-history":[{"count":7,"href":"https:\/\/ainis.work\/apsilta\/wp-json\/wp\/v2\/pages\/4795\/revisions"}],"predecessor-version":[{"id":4897,"href":"https:\/\/ainis.work\/apsilta\/wp-json\/wp\/v2\/pages\/4795\/revisions\/4897"}],"wp:attachment":[{"href":"https:\/\/ainis.work\/apsilta\/wp-json\/wp\/v2\/media?parent=4795"}],"curies":[{"name":"wp","href":"https:\/\/api.w.org\/{rel}","templated":true}]}}